 = -5*b**2 - b. Determine a(n).
-6
Suppose 219 = -58*m - 187. Let r(c) = -c. Calculate r(m).
7
Let m = -93 - -96. Let g(y) = -y - 1. What is g(m)?
-4
Let r(w) be the third derivative of w**4/24 + w**3/6 + 19*w**2 - 4*w. What is r(2)?
3
Let b = -202 - -206. Let q(h) = -h**3 + 6*h**2 - 6*h. Determine q(b).
8
Let h(i) = -4*i - 65. Suppose 208 = 64*p - 77*p. Give h(p).
-1
Let h(f) = 3*f**2 + 3*f**2 + 3*f**2 - 1 - 3*f**2. Suppose 5*m + 0*m = -2*w + 17, 5*w = -m + 8. Let b = 2 - m. Give h(b).
5
Let u(z) = 5*z**2 + 8*z + 11. Let g(r) = -4*r**2 - 8*r - 10. Let y(q) = -4*g(q) - 3*u(q). Let s = -169 + 164. Determine y(s).
-8
Let v(s) be the second derivative of s**4/12 - 11*s**3/6 + 3*s**2/2 - 2*s - 16. Give v(6).
-27
Suppose -3*w - 6 = 3*q, 8*w + 16 = 3*w - 3*q. Let v = w + 1. Let u(h) = h. Calculate u(v).
-4
Let u(z) = -9*z**3 + 9*z**2 - 9*z - 1. Let s(d) = 4*d**3 - 5*d**2 + 5*d + 1. Let h(k) = -7*s(k) - 3*u(k). Give h(7).
-11
Suppose -7*y = -5*y + i + 17, -3*i - 15 = 0. Let j(r) = r**2 + 4*r - 17. Give j(y).
-5
Let t(x) be the second derivative of -x**6/90 - x**5/120 + x**4/12 - 11*x**3/6 + 40*x. Let q(h) be the second derivative of t(h). What is q(2)?
-16
Let x(b) = -8*b**2 + 28*b + 2. Let g(s) = 5*s**2 - 14*s. Let n(r) = 5*g(r) + 3*x(r). What is n(-10)?
-34
Let q = -1166 + 1167. Let h(x) be the first derivative of 5*x**4/4 - x + 2. What is h(q)?
4
Let u(r) be the second derivative of 1/60*r**5 + 0 - 1/6*r**4 + 2*r**2 + 5*r + 1/6*r**3. Let q(f) be the first derivative of u(f). What is q(5)?
6
Let a = -76 - -96. Let k(j) = 23 - j - 16 - a. What is k(-6)?
-7
Let a = -98 + 105. Let u(n) = -n**2. Let x(c) = 4*c**2 + 6*c + 9. Let g(f) = 5*u(f) + x(f). What is g(a)?
2
Suppose -8*w = -45 - 11. Let v(j) = 3*j - 3. Give v(w).
18
Let z = 14 + -10. Let v(s) = z*s - s**2 + 5 + 0*s - 4 + 3. Let y(r) = r**3 + 8*r**2 + 7*r + 5. Let i be y(-7). Calculate v(i).
-1
Let a(i) = 2 + 9 + 8*i - 2 - 2 + 8*i**2. Let v(r) = -7*r**2 - 7*r - 6. Let q(z) = 6*a(z) + 7*v(z). Let n = -626 - -622. Give q(n).
-12
Suppose x + 30 = 19. Let k(u) = 2*u + 25. Let n(o) = o + 13. Let s(b) = x*n(b) + 6*k(b). Calculate s(0).
7
Let p(q) be the third derivative of q**5/60 + q**4/3 + q**3/3 - 3*q**2. Let l = -21 + 15. What is p(l)?
-10
Let r(l) be the first derivative of -1/2*l**2 - 2*l + 9. Determine r(-2).
0
Let o(f) be the first derivative of -f**4/4 - 4*f**3/3 + 4*f - 188. What is o(-4)?
4
Suppose -21 = -h + 5*i, 2*h + 4*i = -3*h - 11. Let z(p) = 5*p**2 + 2*p + 7. Let n(r) = r**2 + 1. Let b(o) = h*z(o) - 4*n(o). Determine b(-5).
18
Suppose q + 3*q + 32 = -3*p, 2*p = 0. Let v(t) = -3*t + 8. What is v(q)?
32
Let k(m) = m**2 - 7*m - 19. Let q(s) = 2*s**2 - 13*s - 39. Let d(c) = -5*k(c) + 2*q(c). Give d(10).
7
Let q(i) = 2 - 4*i + 2*i**3 + 9*i - 7*i**3 - 3*i**2. Let p(c) = -14*c**3 - 9*c**2 + 15*c + 6. Let v(k) = -4*p(k) + 11*q(k). Give v(-4).
2
Let o = 2965 - 2971. Let n(k) = -2*k - 16. What is n(o)?
-4
Let h be (-4)/(-6) - 6/9. Let v(i) be the second derivative of -1/12*i**4 - 4*i - i**2 + 0 + 1/6*i**3. Calculate v(h).
-2
Let q(g) be the third derivative of g**5/60 - g**4/4 + 5*g**3/6 + 2*g**2 - g. Suppose -a - 1 = p - 7, 0 = 2*p - 2. Give q(a).
0
Suppose 4*q = -3*b + 24, 5*q + 44 = 5*b - 31. Suppose -b = h + t, t - 2 = -3. Let p(i) = i**2 + 11*i + 8. Calculate p(h).
8
Let t(l) = -3*l**2 - 17*l - 16. Let j(p) = 2*p**2 + 12*p + 11. Let z(u) = 8*j(u) + 5*t(u). Give z(-7).
-20
Let n(k) = k**3 - 6*k**2 - 5*k + 1. Suppose 15*i = -52 + 157. What is n(i)?
15
Let x(f) = 10*f - 1. Let c = -1565 + 1567. Calculate x(c).
19
Let h(q) = -q**2 - 9*q. Suppose 0 = 7*b + 347 - 291. Calculate h(b).
8
Let x be 3 - (-6 - -2)*(-31)/(-62). Let p(h) = h**3 - 6*h**2 + 5*h - 9. Determine p(x).
-9
Let y(r) = -r**3 - 6*r**2 + 2*r + 3. Suppose 2*m - c - 72 = 6*m, 0 = 2*m + c + 36. Let p = m + -2. Let i = 14 + p. Determine y(i).
-9
Let c(h) = -10*h - 4 + 9*h - h + 3*h. Let n(v) = v - 3. Let s be n(3). Let l be c(s). Let b(q) = q - 2. Calculate b(l).
-6
Let n(i) be the third derivative of -i**6/360 + i**5/120 - 13*i**4/24 - 7*i**2. Let u(x) be the second derivative of n(x). Calculate u(-4).
9
Suppose 0 = -3*g - 5*y + 37, -y + 6 = 2*g - 7. Let w(d) = -4*d**2 + 4*d**2 + d**3 + g*d + 3 + 2*d**2. Let v(p) = -p**2 + 7*p - 8. Let x be v(6). Calculate w(x).
-5
Let v(g) = -2 - 5*g**2 - 2*g - 4*g**2 + 3 + 3*g. Let j(p) be the first derivative of -p**4/4 - 7*p**3/3 - 3*p**2 - p - 3. Let m be j(-6). What is v(m)?
-9
Let q(s) = 2*s - 7. Let b be q(3). Let n be 5/(b/16*-4). Suppose -n = 4*a + a. Let h(z) = -z**3 - 5*z**2 - 4*z - 5. Give h(a).
-5
Let i be (-2)/12 + 55/(-30). Let o(c) = -7*c - 5. Let g(b) = -b - 1. Let t(f) = 2*g(f) - o(f). What is t(i)?
-7
Let x(b) = -b + 10. Let p be (0 + 2)*1 + 33/(-3). Give x(p).
19
Let y(x) = 2*x - 6. Let n(m) = 7*m - 19. Let u(l) = -n(l) + 4*y(l). What is u(20)?
15
Let k(q) = 3*q + 6*q + 0*q. Let l = 1215 - 1216. Calculate k(l).
-9
Let h be ((-3)/4)/(30/(-80)). Let g(p) be the second derivative of p**3/6 - p**2/2 + 7*p. What is g(h)?
1
Suppose -p - 13 = -f, p + 65 = -3*f + 60. Let u(d) = -d - 5. Let g(m) = -3*m - 16. Let n(i) = 6*g(i) - 17*u(i). Determine n(p).
0
Let x be (6/8)/((-1)/(-4)). Let i(c) = 9*c**3 - 11 - 10*c**3 + 9 + 2*c - 3*c**2 + 2*c**3. Calculate i(x).
4
Let q(n) = -5*n - 14. Suppose -18 = w + 2*w. Let p(v) = 9*v + 27. Let f(r) = w*p(r) - 11*q(r). Suppose 0 = -13*j + 18*j - 20. Calculate f(j).
-4
Let x(o) = 2*o - 18*o**3 - 2*o**2 - 10510 + 10511 + o**2 - o. Give x(-1).
17
Suppose 4*r - 3*d + 22 = -14, 0 = -3*r + 5*d - 38. Let h be 1/((6/(-51))/(-2)). Let a(n) = h - n - 14 - 6. Determine a(r).
3
Let d(l) = -29*l + 1. Let g(j) = -5*j + 1. Let c(h) = -d(h) + 5*g(h). Let z = -5 - -1. What is c(z)?
-12
Suppose -149 = -36*l + 35*l. Let u = l + -151. Let i(d) = 4*d + 3. Calculate i(u).
-5
Let d be (1 + 1)/((-6)/(-18)). Let g(k) be the second derivative of 1/3*k**3 + 0 - 9*k - 3*k**2. Give g(d).
6
Let s(v) = -v**3 + 4*v**2 - v + 1. Suppose 11 = -5*q + 3*j - j, -4*q - 4*j + 8 = 0. Let c be q + 4 - (-3 + (-3 - -6)). Calculate s(c).
7
Let u = 70 - 63. Let d(m) = 2*m - 5*m + m + 6 + u. Give d(10).
-7
Let w(j) be the third derivative of -j**5/24 - j**4/8 + 3*j**3/2 - 2*j**2. Let r(l) be the first derivative of w(l). What is r(-2)?
7
Suppose -15 = -g - 2*b, 2*g - 42 = -g - 5*b. Let n be (10/6)/(3/g). Suppose 31 = n*s + 3*l, -s + 28 = 3*s + 4*l. Let x(a) = a**2 - 6*a. Calculate x(s).
-5
Let d(o) = 4*o - 2. Suppose 0*x - 13*x - 13 = 0. Calculate d(x).
-6
Let p(n) be the first derivative of -3*n + 2 - 1/2*n**2. Suppose 4*f - 3 = -3*d + 32, 4*f - 30 = -2*d. Give p(f).
-8
Let y(l) = l**2 + 9*l + 9. Suppose -2*d + 71 - 11 = 5*c, 4*d - 60 = -5*c. Suppose c*r = 9*r - 21. What is y(r)?
-5
Let u = 62 + -48. Let r(i) = 14 - 7*i**2 + 3*i + u - i**3 + 5*i - 22. Give r(-8).
6
Let r(g) be the third derivative of -g**5/60 + 3*g**4/8 - g**3/2 + 88*g**2. Give r(8).
5
Let i(o) be the second derivative of -o**3/2 - 7*o**2/2 + o - 10. Let a = -11 - -13. Suppose -14 = 2*g + a*z, 0 = 2*g + z - 2*z + 8. Give i(g).
8
Let x(g) = g**3 - g. Let p(f) = 2 - 3*f**2 - 3 + 3 + 4*f**3 - 4*f. Let s(r) = -p(r) + 3*x(r). Give s(3).
1
Let a(f) = -f. Suppose 6*w + 9*w - 60 = 0. Calculate a(w).
-4
Let x(s) = s**3 + 5*s**2 + 3*s. Suppose -164 = -6*p + 2*p. Let l = 37 - p. Determine x(l).
4
Let i be (-36)/(-16) - (-2)/(-8). Suppose -i*b = -4*b + 6. Let z(d) = -b + 3*d + 7 + d + 6*d**2 + d**3. Give z(-5).
9
Let t(c) be the third derivative of -c**5/20 + 13*c**4/12 - 17*c**3/6 - 17*c**2. Let a(h) = -h**2 + 9*h - 6. Let k(l) = 17*a(l) - 6*t(l). Calculate k(4).
4
Let m(n) = -2*n**3 - n**2 + 3*n + 1. Let q(r) = -r**2 - 14*r + 1. Let w be q(-13). Suppose p = 2 - w. Let b = p - -10. Give m(b).
7
Let y(p) = -p**3 + 6*p**2 - 7*p + 3. Let t = -29 + 44. Suppose g + 0*g - 4*n + t = 0, -5*n + 25 = 0. Calculate y(g).
-7
Let n(g) = 2*g + 12. Let u be n(-5). Suppose u*s + 16 = -2. Let m(c) = 2*c + 13. Give m(s).
-5
Let q(b) = -3*b**2 - 27*b + 2. Let h be q(-9). Let o(r) be the second derivative of 9*r + r**h + 0 + 1/4*r**4 + 1/10*r**5 + 1/3*r**3. What is o(-2)?
-6
Let d(p) = -p**2 - 3*p + 4. Let m(g) = -2*g**2 + 15*g - 19. Let r be m(5). Let f be 8*((-15)/r - -2). Calculate d(f).
0
Let a be (-4)/(0 + 5/10). Let z = -5 - a. Suppose -3*j + 2*c - 4*c =